828?
36
What is the highest common divisor of 34776 and 157757?
23
What is the greatest common factor of 3231426 and 32307?
363
Calculate the highest common divisor of 24714621 and 282.
141
What is the greatest common factor of 4260 and 2371400?
1420
What is the greatest common factor of 72165 and 3788535?
255
What is the greatest common divisor of 40 and 116609455?
5
Calculate the greatest common divisor of 8656 and 506000.
16
Calculate the greatest common divisor of 464 and 38903384.
232
Calculate the highest common divisor of 4320 and 925785.
45
Calculate the highest common divisor of 13 and 274390909.
13
What is the highest common divisor of 12235130 and 125?
5
What is the highest common divisor of 8772 and 177762?
258
What is the highest common divisor of 225176 and 14?
14
Calculate the greatest common factor of 272521 and 25443219.
1829
Calculate the highest common divisor of 49184 and 51410.
106
What is the highest common factor of 138177 and 25506?
117
Calculate the greatest common divisor of 317873 and 37.
1
Calculate the highest common divisor of 1434306 and 44874.
1662
What is the greatest common factor of 72 and 1002990?
6
What is the greatest common divisor of 6319181 and 73117?
253
Calculate the greatest common factor of 65450 and 121694925.
4675
Calculate the highest common divisor of 3419 and 54267946.
263
What is the greatest common factor of 178 and 64829825?
89
Calculate the greatest common factor of 76185146 and 37.
37
What is the greatest common factor of 6708616 and 5480?
1096
Calculate the highest common factor of 11308884 and 1416.
708
What is the greatest common factor of 2156308 and 164472?
308
What is the highest common divisor of 68 and 288217966?
34
What is the greatest common factor of 8 and 92458918?
2
Calculate the highest common divisor of 40909 and 65.
1
Calculate the greatest common factor of 371619 and 717804.
1413
Calculate the highest common factor of 1053339 and 26061.
21
Calculate the greatest common divisor of 29005714 and 1104.
46
Calculate the greatest common factor of 27349 and 263354.
7
Calculate the greatest common factor of 85851122 and 28.
14
What is the greatest common factor of 8619 and 328440?
51
What is the greatest common factor of 106628872 and 56?
56
What is the greatest common factor of 2519 and 433609?
11
Calculate the greatest common factor of 41622 and 9450.
42
Calculate the greatest common divisor of 5349851 and 4.
1
Calculate the greatest common factor of 140665 and 665.
35
What is the highest common divisor of 3280 and 474380?
20
What is the greatest common factor of 60 and 40459404?
12
Calculate the highest common factor of 1356 and 3944064.
12
What is the greatest common factor of 4494 and 10593?
321
Calculate the highest common factor of 63 and 17167239.
9
Calculate the highest common factor of 2450 and 2213666.
14
What is the highest common divisor of 111 and 12205671?
111
What is the greatest common factor of 1592 and 11829754?
398
Calculate the highest common factor of 23760 and 8490.
30
Calculate the greatest common divisor of 1328 and 902112.
16
What is the highest common divisor of 131224374 and 5814?
342
What is the greatest common factor of 68407 and 38798?
1021
Calculate the greatest common factor of 11614 and 1050.
2
What is the highest common divisor of 28 and 1519406?
14
What is the highest common divisor of 463220 and 27540?
20
What is the highest common factor of 374129 and 30555?
679
Calculate the greatest common factor of 192516 and 6.
6
What is the greatest common factor of 63 and 1258119?
9
Calculate the highest common divisor of 24822306 and 18.
18
What is the greatest common factor of 16058547 and 3132?
783
Calculate the greatest common divisor of 13757926 and 1274.
1274
What is the highest common divisor of 22099249 and 4588?
1147
Calculate the highest common divisor of 172308 and 780.
12
What is the greatest common factor of 233076050 and 7550?
7550
What is the greatest common factor of 44207380 and 7245?
805
What is the greatest common factor of 441 and 327528?
9
Calculate the greatest common factor of 24073981 and 1.
1
What is the greatest common divisor of 295110 and 63790?
10
Calculate the highest common divisor of 25 and 52664400.
25
What is the highest common divisor of 246010 and 607274?
674
What is the greatest common divisor of 55844 and 1742112?
92
Calculate the greatest common factor of 171 and 142290.
9
Calculate the greatest common divisor of 139878739 and 364.
91
Calculate the greatest common factor of 174980 and 5120.
20
Calculate the highest common factor of 51990 and 1060.
10
What is the highest common divisor of 3846560 and 10208?
928
What is the greatest common divisor of 176282 and 950?
38
Calculate the highest common factor of 6674428 and 3766.
538
Calculate the greatest common factor of 6343682 and 556.
278
What is the highest common divisor of 570413110 and 46?
46
Calculate the highest common divisor of 4802065 and 9805.
265
Calculate the highest common divisor of 687396 and 2.
2
What is the highest common factor of 1353 and 904078659?
1353
Calculate the greatest common divisor of 25278 and 1338202.
766
What is the greatest common factor of 416 and 26576862?
26
Calculate the highest common factor of 3768776 and 1130.
226
Calculate the greatest common factor of 522 and 1958643702.
522
Calculate the greatest common factor of 71391 and 117238839.
1347
What is the greatest common factor of 54412175 and 1391?
107
What is the highest common divisor of 456827537 and 706?
353
Calculate the greatest common divisor of 127 and 2813177.
127
Calculate the highest common factor of 216 and 693846.
54
Calculate the highest common divisor of 1392 and 677324.
116
Calculate the highest common factor of 325 and 23624315.
65
What is the greatest common divisor of 4784 and 261832?
184
What is the greatest common divisor of 16702 and 280?
14
Calculate the greatest common divisor of 70548399 and 13635.
909
What is the greatest common divisor of 380 and 88546270?
190
Calculate the greatest common factor of 175 and 1217685.
35
Calculate the highest common divisor of 33 and 14324761.
11
Calculate the highest common divisor of 501547 and 13504.
211
What is the highest common factor of 44 and 17661188?
4
Calculate the highest common divisor of 9536070 and 633930.
3390
Calculate the highest common divisor of 962089 and 85404.
647
What is the greatest common divisor of 147117 and 23561862?
1653
What is the highest common factor of 2980559 and 391?
17
Calculate the greatest common factor of 81163680 and 160.
160
What is the greatest common factor of 3454 and 13331498?
314
Calculate the highest common factor of 427 and 33057059.
427
Calculate the greatest common factor of 2255440 and 989318.
5126
Calculate the greatest common factor of 4866 and 5672134.
1622
Calculate the greatest common factor of 460438965 and 119.
119
Calculate the greatest common factor of 480 and 45362410.
10
What is the highest common factor of 2181911 and 3487?
317
Calculate the greatest common factor of 8243639 and 533891.
9049
What is the greatest common factor of 4314795 and 17005?
895
What is the greatest common factor of 645 and 229440?
15
What is the greatest common factor of 105632970 and 30?
30
Calculate the greatest common divisor of 33 and 18692927.
11
Calculate the highest common factor of 85 and 4858915.
5
Calculate the highest common divisor of 7676786 and 78.
26
What is the greatest common factor of 42 and 72360582?
42
What is the highest common factor of 155976 and 82812?
804
Calculate the greatest common divisor of 9642237 and 106.
53
Calculate the greatest common factor of 90 and 341745375.
15
What is the highest common factor of 429738967 and 82951?
7541
Calculate the highest common factor of 7409869 and 118.
59
What is the highest common divisor of 175496 and 2176?
8
What is the highest common divisor of 1377251 and 481?
37
Calculate the greatest common factor of 586 and 14873559.
293
Calculate the greatest common divisor of 484473 and 73829.
53
What is the highest common divisor of 5050 and 17939400?
50
Calculate the highest common divisor of 305 and 13654240.
305
Calculate the greatest common factor of 5768763 and 440895.
4641
What is the greatest common factor of 600 a